{"id":264,"date":"2022-11-30T00:10:31","date_gmt":"2022-11-30T00:10:31","guid":{"rendered":"https:\/\/speed-casino.com\/casinos-online-portugal\/?page_id=264"},"modified":"2022-12-15T19:56:39","modified_gmt":"2022-12-15T19:56:39","slug":"festa-do-cinema-22-23-e-24-de-maio-de-2017","status":"publish","type":"page","link":"https:\/\/speed-casino.com\/casinos-online-portugal\/festa-do-cinema-2017","title":{"rendered":"FESTA DO CINEMA &#8211; 22, 23 e 24 de Maio de 2017"},"content":{"rendered":"<p>A <strong>APEC<\/strong> &#8211; Associa\u00e7\u00e3o Portuguesa de Empresas Cinematogr\u00e1ficas, com o apoio do <strong>ICA<\/strong> &#8211; Instituto do Cinema e do Audiovisual, e dos distribuidores de conte\u00fados audiovisuais, representados pela <strong>FEVIP<\/strong> &#8211; Associa\u00e7\u00e3o de Defesa das Obras Audiovisuais e da <strong>GEDIPE<\/strong> &#8211; Associa\u00e7\u00e3o para a Gest\u00e3o de Direitos de Autor, Produtores e Editores, promovem, pelo terceiro ano consecutivo, a Festa do Cinema, disponibilizando bilhetes pelo valor unit\u00e1rio de 2,50\u20ac para o espectador assistir a qualquer um dos filmes em cartaz em todas as salas de cinema, com mais de 94 mil lugares e mais de 10 mil sess\u00f5es, durante os tr\u00eas dias, de 22 a 24 de maio de 2017.<\/p>\n<p><iframe loading=\"lazy\" style=\"display: block; margin-left: auto; margin-right: auto;\" src=\"http:\/\/www.youtube.com\/embed\/R5HneC-fMMo?rel=0&amp;wmode=opaque\" width=\"853\" height=\"480\" allowfullscreen=\"allowfullscreen\"><\/iframe><\/p>\n<p>Cm todas as salas de cinema no territ\u00f3rio nacional, totalizando 94.000 lugares, este ser\u00e1 o maior evento promocional cinematogr\u00e1fico alguma vez ocorrido em Portugal.<\/p>\n<p>A Festa do Cinema tem como mote promover o envolvimento do p\u00fablico com o acto cultural de assist\u00eancia cinematogr\u00e1fica em sala, uma pr\u00e1tica social por excel\u00eancia que queremos cada vez mais desenvolver no nosso mercado.<\/p>\n<p><img loading=\"lazy\" decoding=\"async\" class=\"aligncenter wp-image-265 size-large\" src=\"https:\/\/speed-casino.com\/casinos-online-portugal\/wp-content\/uploads\/2022\/11\/2017dania-logo-1024x486.jpg\" alt=\"\" width=\"994\" height=\"472\" srcset=\"https:\/\/speed-casino.com\/casinos-online-portugal\/wp-content\/uploads\/2022\/11\/2017dania-logo-1024x486.jpg 1024w, https:\/\/speed-casino.com\/casinos-online-portugal\/wp-content\/uploads\/2022\/11\/2017dania-logo-300x143.jpg 300w, https:\/\/speed-casino.com\/casinos-online-portugal\/wp-content\/uploads\/2022\/11\/2017dania-logo-768x365.jpg 768w, https:\/\/speed-casino.com\/casinos-online-portugal\/wp-content\/uploads\/2022\/11\/2017dania-logo-84x40.jpg 84w, https:\/\/speed-casino.com\/casinos-online-portugal\/wp-content\/uploads\/2022\/11\/2017dania-logo-570x270.jpg 570w, https:\/\/speed-casino.com\/casinos-online-portugal\/wp-content\/uploads\/2022\/11\/2017dania-logo-67x32.jpg 67w, https:\/\/speed-casino.com\/casinos-online-portugal\/wp-content\/uploads\/2022\/11\/2017dania-logo-168x80.jpg 168w, https:\/\/speed-casino.com\/casinos-online-portugal\/wp-content\/uploads\/2022\/11\/2017dania-logo-284x135.jpg 284w, https:\/\/speed-casino.com\/casinos-online-portugal\/wp-content\/uploads\/2022\/11\/2017dania-logo.jpg 1200w\" sizes=\"auto, (max-width: 994px) 100vw, 994px\" \/><\/p>\n<p>As associa\u00e7\u00f5es envolvidas reconhecem o elevado valor cultural e de entretenimento associado \u00e0 7\u00aa Arte, e esperam no futuro coincidir este evento com a estreia de obras cinematogr\u00e1ficas nacionais, com vista a uma maior proje\u00e7\u00e3o do cinema portugu\u00eas com o seu pr\u00f3prio p\u00fablico.<\/p>\n<p>*No valor de 2,50\u20ac n\u00e3o est\u00e3o incluidas as taxas suplementares cobradas para lugares VIP, sess\u00f5es de filmes exibidos em 3D, sess\u00f5es IMAX, sess\u00f5es 4DX e eventos especiais. Outras promo\u00e7\u00f5es de pre\u00e7o n\u00e3o acumul\u00e1veis.<\/p>\n<p>O registo na <a href=\"https:\/\/speed-casino.com\/casinos-online-portugal\/national-casino\/\">national casino portugal<\/a> \u00e9 efetuado no seu site. Para tal dever\u00e1 clicar no bot\u00e3o registrar no canto superior direito da p\u00e1gina inicial. De seguida deve seguir o procedimento habitual de seguir as instru\u00e7\u00f5es de preenchimento facultando os seus dados pessoais como nome de utilizador, e-mail, palavra-passe etc. Dever\u00e1 por fim confirmar a caixa \u201cAceito os Termos e Condi\u00e7\u00f5es e a Pol\u00edtica de Verifica\u00e7\u00e3o\u201d para concluir o seu registo. Para verificar a sua conta para poder efetuar um levantamento, ser\u00e1 necess\u00e1rio provar a sua identidade e morada atual. De momento n\u00e3o \u00e9 poss\u00edvel aceder \u00e0 plataforma pois a mesma encontra-se bloqueada. A <a href=\"https:\/\/speed-casino.com\/casinos-online-portugal\/national-casino\/\">national casino pt<\/a> pode ser acedida atrav\u00e9s da <a href=\"https:\/\/speed-casino.com\/casinos-online-portugal\/national-casino\/\">national casino app<\/a>.<\/p>\n","protected":false},"excerpt":{"rendered":"<p>A APEC &#8211; Associa\u00e7\u00e3o Portuguesa de Empresas Cinematogr\u00e1ficas, com o apoio do ICA &#8211; Instituto do Cinema e do Audiovisual, e dos distribuidores de conte\u00fados audiovisuais, representados pela FEVIP &#8211; Associa\u00e7\u00e3o de Defesa das Obras Audiovisuais e da GEDIPE &#8211; Associa\u00e7\u00e3o para a Gest\u00e3o de Direitos de Autor, Produtores e Editores, promovem, pelo terceiro ano [&hellip;]<\/p>\n","protected":false},"author":1,"featured_media":0,"parent":0,"menu_order":0,"comment_status":"closed","ping_status":"closed","template":"","meta":{"_acf_changed":false,"footnotes":""},"class_list":["post-264","page","type-page","status-publish","hentry"],"acf":[],"yoast_head":"<!-- This site is optimized with the Yoast SEO plugin v27.2 - https:\/\/yoast.com\/product\/yoast-seo-wordpress\/ -->\n<title>FESTA DO CINEMA - 22, 23 e 24 de Maio de 2017 - Aplica\u00e7\u00e3o Mobile para Android &amp; iOS<\/title>\n<meta name=\"robots\" content=\"index, follow, max-snippet:-1, max-image-preview:large, max-video-preview:-1\" \/>\n<link rel=\"canonical\" href=\"https:\/\/speed-casino.com\/casinos-online-portugal\/festa-do-cinema-2017\/\" \/>\n<meta property=\"og:locale\" content=\"pt_PT\" \/>\n<meta property=\"og:type\" content=\"article\" \/>\n<meta property=\"og:title\" content=\"FESTA DO CINEMA - 22, 23 e 24 de Maio de 2017 - Aplica\u00e7\u00e3o Mobile para Android &amp; iOS\" \/>\n<meta property=\"og:description\" content=\"A APEC &#8211; Associa\u00e7\u00e3o Portuguesa de Empresas Cinematogr\u00e1ficas, com o apoio do ICA &#8211; Instituto do Cinema e do Audiovisual, e dos distribuidores de conte\u00fados audiovisuais, representados pela FEVIP &#8211; Associa\u00e7\u00e3o de Defesa das Obras Audiovisuais e da GEDIPE &#8211; Associa\u00e7\u00e3o para a Gest\u00e3o de Direitos de Autor, Produtores e Editores, promovem, pelo terceiro ano [&hellip;]\" \/>\n<meta property=\"og:url\" content=\"https:\/\/speed-casino.com\/casinos-online-portugal\/festa-do-cinema-2017\/\" \/>\n<meta property=\"og:site_name\" content=\"Aplica\u00e7\u00e3o Mobile para Android &amp; iOS\" \/>\n<meta property=\"article:modified_time\" content=\"2022-12-15T19:56:39+00:00\" \/>\n<meta property=\"og:image\" content=\"https:\/\/speed-casino.com\/casinos-online-portugal\/wp-content\/uploads\/2022\/11\/2017dania-logo-1024x486.jpg\" \/>\n<meta name=\"twitter:card\" content=\"summary_large_image\" \/>\n<meta name=\"twitter:label1\" content=\"Tempo estimado de leitura\" \/>\n\t<meta name=\"twitter:data1\" content=\"3 minutos\" \/>\n<script type=\"application\/ld+json\" class=\"yoast-schema-graph\">{\"@context\":\"https:\/\/schema.org\",\"@graph\":[{\"@type\":\"WebPage\",\"@id\":\"https:\/\/speed-casino.com\/casinos-online-portugal\/festa-do-cinema-2017\/\",\"url\":\"https:\/\/speed-casino.com\/casinos-online-portugal\/festa-do-cinema-2017\/\",\"name\":\"FESTA DO CINEMA - 22, 23 e 24 de Maio de 2017 - Aplica\u00e7\u00e3o Mobile para Android &amp; iOS\",\"isPartOf\":{\"@id\":\"https:\/\/speed-casino.com\/casinos-online-portugal\/#website\"},\"primaryImageOfPage\":{\"@id\":\"https:\/\/speed-casino.com\/casinos-online-portugal\/festa-do-cinema-2017\/#primaryimage\"},\"image\":{\"@id\":\"https:\/\/speed-casino.com\/casinos-online-portugal\/festa-do-cinema-2017\/#primaryimage\"},\"thumbnailUrl\":\"https:\/\/speed-casino.com\/casinos-online-portugal\/wp-content\/uploads\/2022\/11\/2017dania-logo-1024x486.jpg\",\"datePublished\":\"2022-11-30T00:10:31+00:00\",\"dateModified\":\"2022-12-15T19:56:39+00:00\",\"breadcrumb\":{\"@id\":\"https:\/\/speed-casino.com\/casinos-online-portugal\/festa-do-cinema-2017\/#breadcrumb\"},\"inLanguage\":\"pt-PT\",\"potentialAction\":[{\"@type\":\"ReadAction\",\"target\":[\"https:\/\/speed-casino.com\/casinos-online-portugal\/festa-do-cinema-2017\/\"]}]},{\"@type\":\"ImageObject\",\"inLanguage\":\"pt-PT\",\"@id\":\"https:\/\/speed-casino.com\/casinos-online-portugal\/festa-do-cinema-2017\/#primaryimage\",\"url\":\"https:\/\/speed-casino.com\/casinos-online-portugal\/wp-content\/uploads\/2022\/11\/2017dania-logo.jpg\",\"contentUrl\":\"https:\/\/speed-casino.com\/casinos-online-portugal\/wp-content\/uploads\/2022\/11\/2017dania-logo.jpg\",\"width\":1200,\"height\":570},{\"@type\":\"BreadcrumbList\",\"@id\":\"https:\/\/speed-casino.com\/casinos-online-portugal\/festa-do-cinema-2017\/#breadcrumb\",\"itemListElement\":[{\"@type\":\"ListItem\",\"position\":1,\"name\":\"Home\",\"item\":\"https:\/\/speed-casino.com\/casinos-online-portugal\/\"},{\"@type\":\"ListItem\",\"position\":2,\"name\":\"FESTA DO CINEMA &#8211; 22, 23 e 24 de Maio de 2017\"}]},{\"@type\":\"WebSite\",\"@id\":\"https:\/\/speed-casino.com\/casinos-online-portugal\/#website\",\"url\":\"https:\/\/speed-casino.com\/casinos-online-portugal\/\",\"name\":\"Aplica\u00e7\u00e3o Mobile para Android &amp; iOS\",\"description\":\"\",\"publisher\":{\"@id\":\"https:\/\/speed-casino.com\/casinos-online-portugal\/#organization\"},\"potentialAction\":[{\"@type\":\"SearchAction\",\"target\":{\"@type\":\"EntryPoint\",\"urlTemplate\":\"https:\/\/speed-casino.com\/casinos-online-portugal\/?s={search_term_string}\"},\"query-input\":{\"@type\":\"PropertyValueSpecification\",\"valueRequired\":true,\"valueName\":\"search_term_string\"}}],\"inLanguage\":\"pt-PT\"},{\"@type\":\"Organization\",\"@id\":\"https:\/\/speed-casino.com\/casinos-online-portugal\/#organization\",\"name\":\"Aplica\u00e7\u00e3o Mobile para Android &amp; iOS\",\"url\":\"https:\/\/speed-casino.com\/casinos-online-portugal\/\",\"logo\":{\"@type\":\"ImageObject\",\"inLanguage\":\"pt-PT\",\"@id\":\"https:\/\/speed-casino.com\/casinos-online-portugal\/#\/schema\/logo\/image\/\",\"url\":\"https:\/\/speed-casino.com\/casinos-online-portugal\/wp-content\/uploads\/2022\/08\/logo_melhorappdeapostas.com_.png\",\"contentUrl\":\"https:\/\/speed-casino.com\/casinos-online-portugal\/wp-content\/uploads\/2022\/08\/logo_melhorappdeapostas.com_.png\",\"width\":200,\"height\":100,\"caption\":\"Aplica\u00e7\u00e3o Mobile para Android &amp; iOS\"},\"image\":{\"@id\":\"https:\/\/speed-casino.com\/casinos-online-portugal\/#\/schema\/logo\/image\/\"}}]}<\/script>\n<!-- \/ Yoast SEO plugin. -->","yoast_head_json":{"title":"FESTA DO CINEMA - 22, 23 e 24 de Maio de 2017 - Aplica\u00e7\u00e3o Mobile para Android &amp; iOS","robots":{"index":"index","follow":"follow","max-snippet":"max-snippet:-1","max-image-preview":"max-image-preview:large","max-video-preview":"max-video-preview:-1"},"canonical":"https:\/\/speed-casino.com\/casinos-online-portugal\/festa-do-cinema-2017\/","og_locale":"pt_PT","og_type":"article","og_title":"FESTA DO CINEMA - 22, 23 e 24 de Maio de 2017 - Aplica\u00e7\u00e3o Mobile para Android &amp; iOS","og_description":"A APEC &#8211; Associa\u00e7\u00e3o Portuguesa de Empresas Cinematogr\u00e1ficas, com o apoio do ICA &#8211; Instituto do Cinema e do Audiovisual, e dos distribuidores de conte\u00fados audiovisuais, representados pela FEVIP &#8211; Associa\u00e7\u00e3o de Defesa das Obras Audiovisuais e da GEDIPE &#8211; Associa\u00e7\u00e3o para a Gest\u00e3o de Direitos de Autor, Produtores e Editores, promovem, pelo terceiro ano [&hellip;]","og_url":"https:\/\/speed-casino.com\/casinos-online-portugal\/festa-do-cinema-2017\/","og_site_name":"Aplica\u00e7\u00e3o Mobile para Android &amp; iOS","article_modified_time":"2022-12-15T19:56:39+00:00","og_image":[{"url":"https:\/\/speed-casino.com\/casinos-online-portugal\/wp-content\/uploads\/2022\/11\/2017dania-logo-1024x486.jpg","type":"","width":"","height":""}],"twitter_card":"summary_large_image","twitter_misc":{"Tempo estimado de leitura":"3 minutos"},"schema":{"@context":"https:\/\/schema.org","@graph":[{"@type":"WebPage","@id":"https:\/\/speed-casino.com\/casinos-online-portugal\/festa-do-cinema-2017\/","url":"https:\/\/speed-casino.com\/casinos-online-portugal\/festa-do-cinema-2017\/","name":"FESTA DO CINEMA - 22, 23 e 24 de Maio de 2017 - Aplica\u00e7\u00e3o Mobile para Android &amp; iOS","isPartOf":{"@id":"https:\/\/speed-casino.com\/casinos-online-portugal\/#website"},"primaryImageOfPage":{"@id":"https:\/\/speed-casino.com\/casinos-online-portugal\/festa-do-cinema-2017\/#primaryimage"},"image":{"@id":"https:\/\/speed-casino.com\/casinos-online-portugal\/festa-do-cinema-2017\/#primaryimage"},"thumbnailUrl":"https:\/\/speed-casino.com\/casinos-online-portugal\/wp-content\/uploads\/2022\/11\/2017dania-logo-1024x486.jpg","datePublished":"2022-11-30T00:10:31+00:00","dateModified":"2022-12-15T19:56:39+00:00","breadcrumb":{"@id":"https:\/\/speed-casino.com\/casinos-online-portugal\/festa-do-cinema-2017\/#breadcrumb"},"inLanguage":"pt-PT","potentialAction":[{"@type":"ReadAction","target":["https:\/\/speed-casino.com\/casinos-online-portugal\/festa-do-cinema-2017\/"]}]},{"@type":"ImageObject","inLanguage":"pt-PT","@id":"https:\/\/speed-casino.com\/casinos-online-portugal\/festa-do-cinema-2017\/#primaryimage","url":"https:\/\/speed-casino.com\/casinos-online-portugal\/wp-content\/uploads\/2022\/11\/2017dania-logo.jpg","contentUrl":"https:\/\/speed-casino.com\/casinos-online-portugal\/wp-content\/uploads\/2022\/11\/2017dania-logo.jpg","width":1200,"height":570},{"@type":"BreadcrumbList","@id":"https:\/\/speed-casino.com\/casinos-online-portugal\/festa-do-cinema-2017\/#breadcrumb","itemListElement":[{"@type":"ListItem","position":1,"name":"Home","item":"https:\/\/speed-casino.com\/casinos-online-portugal\/"},{"@type":"ListItem","position":2,"name":"FESTA DO CINEMA &#8211; 22, 23 e 24 de Maio de 2017"}]},{"@type":"WebSite","@id":"https:\/\/speed-casino.com\/casinos-online-portugal\/#website","url":"https:\/\/speed-casino.com\/casinos-online-portugal\/","name":"Aplica\u00e7\u00e3o Mobile para Android &amp; iOS","description":"","publisher":{"@id":"https:\/\/speed-casino.com\/casinos-online-portugal\/#organization"},"potentialAction":[{"@type":"SearchAction","target":{"@type":"EntryPoint","urlTemplate":"https:\/\/speed-casino.com\/casinos-online-portugal\/?s={search_term_string}"},"query-input":{"@type":"PropertyValueSpecification","valueRequired":true,"valueName":"search_term_string"}}],"inLanguage":"pt-PT"},{"@type":"Organization","@id":"https:\/\/speed-casino.com\/casinos-online-portugal\/#organization","name":"Aplica\u00e7\u00e3o Mobile para Android &amp; iOS","url":"https:\/\/speed-casino.com\/casinos-online-portugal\/","logo":{"@type":"ImageObject","inLanguage":"pt-PT","@id":"https:\/\/speed-casino.com\/casinos-online-portugal\/#\/schema\/logo\/image\/","url":"https:\/\/speed-casino.com\/casinos-online-portugal\/wp-content\/uploads\/2022\/08\/logo_melhorappdeapostas.com_.png","contentUrl":"https:\/\/speed-casino.com\/casinos-online-portugal\/wp-content\/uploads\/2022\/08\/logo_melhorappdeapostas.com_.png","width":200,"height":100,"caption":"Aplica\u00e7\u00e3o Mobile para Android &amp; iOS"},"image":{"@id":"https:\/\/speed-casino.com\/casinos-online-portugal\/#\/schema\/logo\/image\/"}}]}},"_links":{"self":[{"href":"https:\/\/speed-casino.com\/casinos-online-portugal\/wp-json\/wp\/v2\/pages\/264","targetHints":{"allow":["GET"]}}],"collection":[{"href":"https:\/\/speed-casino.com\/casinos-online-portugal\/wp-json\/wp\/v2\/pages"}],"about":[{"href":"https:\/\/speed-casino.com\/casinos-online-portugal\/wp-json\/wp\/v2\/types\/page"}],"author":[{"embeddable":true,"href":"https:\/\/speed-casino.com\/casinos-online-portugal\/wp-json\/wp\/v2\/users\/1"}],"replies":[{"embeddable":true,"href":"https:\/\/speed-casino.com\/casinos-online-portugal\/wp-json\/wp\/v2\/comments?post=264"}],"version-history":[{"count":4,"href":"https:\/\/speed-casino.com\/casinos-online-portugal\/wp-json\/wp\/v2\/pages\/264\/revisions"}],"predecessor-version":[{"id":319,"href":"https:\/\/speed-casino.com\/casinos-online-portugal\/wp-json\/wp\/v2\/pages\/264\/revisions\/319"}],"wp:attachment":[{"href":"https:\/\/speed-casino.com\/casinos-online-portugal\/wp-json\/wp\/v2\/media?parent=264"}],"curies":[{"name":"wp","href":"https:\/\/api.w.org\/{rel}","templated":true}]}}