{"id":272,"date":"2022-11-30T00:19:34","date_gmt":"2022-11-30T00:19:34","guid":{"rendered":"https:\/\/speed-casino.com\/casinos-online-portugal\/?page_id=272"},"modified":"2022-12-15T20:18:54","modified_gmt":"2022-12-15T20:18:54","slug":"cinema-cascaishopping","status":"publish","type":"page","link":"https:\/\/speed-casino.com\/casinos-online-portugal\/cinemas-aderentes\/item\/cinema-cascaishopping","title":{"rendered":"Cinema CASCAISHOPPING"},"content":{"rendered":"<p>Localidade Nos Lusomundo Cinemas<\/p>\n<div id=\"ez-toc-container\" class=\"ez-toc-v2_0_82_1 ez-toc-wrap-center counter-hierarchy ez-toc-counter ez-toc-grey ez-toc-container-direction\">\n<div class=\"ez-toc-title-container\">\n<p class=\"ez-toc-title\" style=\"cursor:inherit\">\u00cdndice<\/p>\n<span class=\"ez-toc-title-toggle\"><a href=\"#\" class=\"ez-toc-pull-right ez-toc-btn ez-toc-btn-xs ez-toc-btn-default ez-toc-toggle\" aria-label=\"Toggle Table of Content\"><span class=\"ez-toc-js-icon-con\"><span class=\"\"><span class=\"eztoc-hide\" style=\"display:none;\">Toggle<\/span><span class=\"ez-toc-icon-toggle-span\"><svg style=\"fill: #999;color:#999\" xmlns=\"http:\/\/www.w3.org\/2000\/svg\" class=\"list-377408\" width=\"20px\" height=\"20px\" viewBox=\"0 0 24 24\" fill=\"none\"><path d=\"M6 6H4v2h2V6zm14 0H8v2h12V6zM4 11h2v2H4v-2zm16 0H8v2h12v-2zM4 16h2v2H4v-2zm16 0H8v2h12v-2z\" fill=\"currentColor\"><\/path><\/svg><svg style=\"fill: #999;color:#999\" class=\"arrow-unsorted-368013\" xmlns=\"http:\/\/www.w3.org\/2000\/svg\" width=\"10px\" height=\"10px\" viewBox=\"0 0 24 24\" version=\"1.2\" baseProfile=\"tiny\"><path d=\"M18.2 9.3l-6.2-6.3-6.2 6.3c-.2.2-.3.4-.3.7s.1.5.3.7c.2.2.4.3.7.3h11c.3 0 .5-.1.7-.3.2-.2.3-.5.3-.7s-.1-.5-.3-.7zM5.8 14.7l6.2 6.3 6.2-6.3c.2-.2.3-.5.3-.7s-.1-.5-.3-.7c-.2-.2-.4-.3-.7-.3h-11c-.3 0-.5.1-.7.3-.2.2-.3.5-.3.7s.1.5.3.7z\"\/><\/svg><\/span><\/span><\/span><\/a><\/span><\/div>\n<nav><ul class='ez-toc-list ez-toc-list-level-1 eztoc-toggle-hide-by-default' ><li class='ez-toc-page-1 ez-toc-heading-level-3'><a class=\"ez-toc-link ez-toc-heading-1\" href=\"https:\/\/speed-casino.com\/casinos-online-portugal\/cinemas-aderentes\/item\/cinema-cascaishopping\/#Morada\" >Morada<\/a><\/li><li class='ez-toc-page-1 ez-toc-heading-level-3'><a class=\"ez-toc-link ez-toc-heading-2\" href=\"https:\/\/speed-casino.com\/casinos-online-portugal\/cinemas-aderentes\/item\/cinema-cascaishopping\/#Contacto\" >Contacto<\/a><\/li><li class='ez-toc-page-1 ez-toc-heading-level-3'><a class=\"ez-toc-link ez-toc-heading-3\" href=\"https:\/\/speed-casino.com\/casinos-online-portugal\/cinemas-aderentes\/item\/cinema-cascaishopping\/#On_the_map\" >On the map<\/a><\/li><\/ul><\/nav><\/div>\n<h3><span class=\"ez-toc-section\" id=\"Morada\"><\/span>Morada<span class=\"ez-toc-section-end\"><\/span><\/h3>\n<ul class=\"uk-list\">\n<li class=\"element element-text\"><strong>Morada: <\/strong> C.C. CascaiShopping &#8211; Estrada Nacional, 9, Alcabideche<\/li>\n<li class=\"element element-text\"><strong>C\u00f3digo Postal: <\/strong> 2645-543<\/li>\n<li class=\"element element-text\"><strong>Localidade: <\/strong> Estoril<\/li>\n<\/ul>\n<h3><span class=\"ez-toc-section\" id=\"Contacto\"><\/span>Contacto<span class=\"ez-toc-section-end\"><\/span><\/h3>\n<ul class=\"uk-list\">\n<li class=\"element element-text\"><strong>Telefone: <\/strong> 16996<\/li>\n<li class=\"element element-email\"><strong>E-Mail: <\/strong> <a href=\"mailto:cinema.cascais@nos.pt\">cinema.cascais@nos.pt<\/a><\/li>\n<li class=\"element element-link\"><strong>Website: <\/strong> <a title=\"http:\/\/cinemas.nos.pt\/Cinemas\/Pages\/cascaishopping.aspx\" href=\"http:\/\/cinemas.nos.pt\/Cinemas\/Pages\/cascaishopping.aspx\" target=\"_blank\" rel=\"noopener\">http:\/\/cinemas.nos.pt\/Cinemas\/Pages\/cascaishopping.aspx<\/a><\/li>\n<li class=\"element element-link\"><strong>Facebook: <\/strong> <a title=\"https:\/\/www.facebook.com\/cinemasnos\" href=\"https:\/\/www.facebook.com\/cinemasnos\" target=\"_blank\" rel=\"noopener\">https:\/\/www.facebook.com\/cinemasnos<\/a><\/li>\n<\/ul>\n<h3><span class=\"ez-toc-section\" id=\"On_the_map\"><\/span>On the map<span class=\"ez-toc-section-end\"><\/span><\/h3>\n<p class=\"mapinfo\">Fill in your address into the address field below the map and the shortest route will be calculated.<\/p>\n<p>A <a href=\"https:\/\/speed-casino.com\/casinos-online-portugal\/esc\/\">ESC ONLINE<\/a> tem um vasto leque de jogos casino para os seus utilizadores. Est\u00e3o dispon\u00edveis na plataforma as cl\u00e1ssicas slots, jogos de mesa como Blackjack e v\u00e1rios tipos de jogos de roleta como a americana ou a francesa. Oferece a <a href=\"https:\/\/speed-casino.com\/casinos-online-portugal\/esc\/\">esc online apostas desportivas<\/a>, onde os maiores e populares desportos est\u00e3o dispon\u00edveis para aposta, como o Futebol e todas suas principais ligas e competi\u00e7\u00f5es, T\u00e9nis, Basquetebol, H\u00f3quei no Gelo, Andebol, Voleibol, Ciclismo, Criquete, Dardos e muitos outros. Com odds atrativas, e uma vasta gama de tipos de apostas em cada partida e a possibilidade de apostar ao vivo nos mais variados desportos atrav\u00e9s da <a href=\"https:\/\/speed-casino.com\/casinos-online-portugal\/esc\/\">app esc online<\/a> e do site.<\/p>\n","protected":false},"excerpt":{"rendered":"<p>Localidade Nos Lusomundo Cinemas Morada Morada: C.C. CascaiShopping &#8211; Estrada Nacional, 9, Alcabideche C\u00f3digo Postal: 2645-543 Localidade: Estoril Contacto Telefone: 16996 E-Mail: cinema.cascais@nos.pt Website: http:\/\/cinemas.nos.pt\/Cinemas\/Pages\/cascaishopping.aspx Facebook: https:\/\/www.facebook.com\/cinemasnos On the map Fill in your address into the address field below the map and the shortest route will be calculated. A ESC ONLINE tem um vasto leque [&hellip;]<\/p>\n","protected":false},"author":1,"featured_media":0,"parent":0,"menu_order":0,"comment_status":"closed","ping_status":"closed","template":"","meta":{"_acf_changed":false,"footnotes":""},"class_list":["post-272","page","type-page","status-publish","hentry"],"acf":[],"yoast_head":"<!-- This site is optimized with the Yoast SEO plugin v27.2 - https:\/\/yoast.com\/product\/yoast-seo-wordpress\/ -->\n<title>Cinema CASCAISHOPPING - Aplica\u00e7\u00e3o Mobile para Android &amp; iOS<\/title>\n<meta name=\"robots\" content=\"index, follow, max-snippet:-1, max-image-preview:large, max-video-preview:-1\" \/>\n<link rel=\"canonical\" href=\"https:\/\/speed-casino.com\/casinos-online-portugal\/cinemas-aderentes\/item\/cinema-cascaishopping\/\" \/>\n<meta property=\"og:locale\" content=\"pt_PT\" \/>\n<meta property=\"og:type\" content=\"article\" \/>\n<meta property=\"og:title\" content=\"Cinema CASCAISHOPPING - Aplica\u00e7\u00e3o Mobile para Android &amp; iOS\" \/>\n<meta property=\"og:description\" content=\"Localidade Nos Lusomundo Cinemas Morada Morada: C.C. CascaiShopping &#8211; Estrada Nacional, 9, Alcabideche C\u00f3digo Postal: 2645-543 Localidade: Estoril Contacto Telefone: 16996 E-Mail: cinema.cascais@nos.pt Website: http:\/\/cinemas.nos.pt\/Cinemas\/Pages\/cascaishopping.aspx Facebook: https:\/\/www.facebook.com\/cinemasnos On the map Fill in your address into the address field below the map and the shortest route will be calculated. A ESC ONLINE tem um vasto leque [&hellip;]\" \/>\n<meta property=\"og:url\" content=\"https:\/\/speed-casino.com\/casinos-online-portugal\/cinemas-aderentes\/item\/cinema-cascaishopping\/\" \/>\n<meta property=\"og:site_name\" content=\"Aplica\u00e7\u00e3o Mobile para Android &amp; iOS\" \/>\n<meta property=\"article:modified_time\" content=\"2022-12-15T20:18:54+00:00\" \/>\n<meta name=\"twitter:card\" content=\"summary_large_image\" \/>\n<meta name=\"twitter:label1\" content=\"Tempo estimado de leitura\" \/>\n\t<meta name=\"twitter:data1\" content=\"2 minutos\" \/>\n<script type=\"application\/ld+json\" class=\"yoast-schema-graph\">{\"@context\":\"https:\/\/schema.org\",\"@graph\":[{\"@type\":\"WebPage\",\"@id\":\"https:\/\/speed-casino.com\/casinos-online-portugal\/cinemas-aderentes\/item\/cinema-cascaishopping\/\",\"url\":\"https:\/\/speed-casino.com\/casinos-online-portugal\/cinemas-aderentes\/item\/cinema-cascaishopping\/\",\"name\":\"Cinema CASCAISHOPPING - Aplica\u00e7\u00e3o Mobile para Android &amp; iOS\",\"isPartOf\":{\"@id\":\"https:\/\/speed-casino.com\/casinos-online-portugal\/#website\"},\"datePublished\":\"2022-11-30T00:19:34+00:00\",\"dateModified\":\"2022-12-15T20:18:54+00:00\",\"breadcrumb\":{\"@id\":\"https:\/\/speed-casino.com\/casinos-online-portugal\/cinemas-aderentes\/item\/cinema-cascaishopping\/#breadcrumb\"},\"inLanguage\":\"pt-PT\",\"potentialAction\":[{\"@type\":\"ReadAction\",\"target\":[\"https:\/\/speed-casino.com\/casinos-online-portugal\/cinemas-aderentes\/item\/cinema-cascaishopping\/\"]}]},{\"@type\":\"BreadcrumbList\",\"@id\":\"https:\/\/speed-casino.com\/casinos-online-portugal\/cinemas-aderentes\/item\/cinema-cascaishopping\/#breadcrumb\",\"itemListElement\":[{\"@type\":\"ListItem\",\"position\":1,\"name\":\"Home\",\"item\":\"https:\/\/speed-casino.com\/casinos-online-portugal\/\"},{\"@type\":\"ListItem\",\"position\":2,\"name\":\"Cinema CASCAISHOPPING\"}]},{\"@type\":\"WebSite\",\"@id\":\"https:\/\/speed-casino.com\/casinos-online-portugal\/#website\",\"url\":\"https:\/\/speed-casino.com\/casinos-online-portugal\/\",\"name\":\"Aplica\u00e7\u00e3o Mobile para Android &amp; iOS\",\"description\":\"\",\"publisher\":{\"@id\":\"https:\/\/speed-casino.com\/casinos-online-portugal\/#organization\"},\"potentialAction\":[{\"@type\":\"SearchAction\",\"target\":{\"@type\":\"EntryPoint\",\"urlTemplate\":\"https:\/\/speed-casino.com\/casinos-online-portugal\/?s={search_term_string}\"},\"query-input\":{\"@type\":\"PropertyValueSpecification\",\"valueRequired\":true,\"valueName\":\"search_term_string\"}}],\"inLanguage\":\"pt-PT\"},{\"@type\":\"Organization\",\"@id\":\"https:\/\/speed-casino.com\/casinos-online-portugal\/#organization\",\"name\":\"Aplica\u00e7\u00e3o Mobile para Android &amp; iOS\",\"url\":\"https:\/\/speed-casino.com\/casinos-online-portugal\/\",\"logo\":{\"@type\":\"ImageObject\",\"inLanguage\":\"pt-PT\",\"@id\":\"https:\/\/speed-casino.com\/casinos-online-portugal\/#\/schema\/logo\/image\/\",\"url\":\"https:\/\/speed-casino.com\/casinos-online-portugal\/wp-content\/uploads\/2022\/08\/logo_melhorappdeapostas.com_.png\",\"contentUrl\":\"https:\/\/speed-casino.com\/casinos-online-portugal\/wp-content\/uploads\/2022\/08\/logo_melhorappdeapostas.com_.png\",\"width\":200,\"height\":100,\"caption\":\"Aplica\u00e7\u00e3o Mobile para Android &amp; iOS\"},\"image\":{\"@id\":\"https:\/\/speed-casino.com\/casinos-online-portugal\/#\/schema\/logo\/image\/\"}}]}<\/script>\n<!-- \/ Yoast SEO plugin. -->","yoast_head_json":{"title":"Cinema CASCAISHOPPING - Aplica\u00e7\u00e3o Mobile para Android &amp; iOS","robots":{"index":"index","follow":"follow","max-snippet":"max-snippet:-1","max-image-preview":"max-image-preview:large","max-video-preview":"max-video-preview:-1"},"canonical":"https:\/\/speed-casino.com\/casinos-online-portugal\/cinemas-aderentes\/item\/cinema-cascaishopping\/","og_locale":"pt_PT","og_type":"article","og_title":"Cinema CASCAISHOPPING - Aplica\u00e7\u00e3o Mobile para Android &amp; iOS","og_description":"Localidade Nos Lusomundo Cinemas Morada Morada: C.C. CascaiShopping &#8211; Estrada Nacional, 9, Alcabideche C\u00f3digo Postal: 2645-543 Localidade: Estoril Contacto Telefone: 16996 E-Mail: cinema.cascais@nos.pt Website: http:\/\/cinemas.nos.pt\/Cinemas\/Pages\/cascaishopping.aspx Facebook: https:\/\/www.facebook.com\/cinemasnos On the map Fill in your address into the address field below the map and the shortest route will be calculated. A ESC ONLINE tem um vasto leque [&hellip;]","og_url":"https:\/\/speed-casino.com\/casinos-online-portugal\/cinemas-aderentes\/item\/cinema-cascaishopping\/","og_site_name":"Aplica\u00e7\u00e3o Mobile para Android &amp; iOS","article_modified_time":"2022-12-15T20:18:54+00:00","twitter_card":"summary_large_image","twitter_misc":{"Tempo estimado de leitura":"2 minutos"},"schema":{"@context":"https:\/\/schema.org","@graph":[{"@type":"WebPage","@id":"https:\/\/speed-casino.com\/casinos-online-portugal\/cinemas-aderentes\/item\/cinema-cascaishopping\/","url":"https:\/\/speed-casino.com\/casinos-online-portugal\/cinemas-aderentes\/item\/cinema-cascaishopping\/","name":"Cinema CASCAISHOPPING - Aplica\u00e7\u00e3o Mobile para Android &amp; iOS","isPartOf":{"@id":"https:\/\/speed-casino.com\/casinos-online-portugal\/#website"},"datePublished":"2022-11-30T00:19:34+00:00","dateModified":"2022-12-15T20:18:54+00:00","breadcrumb":{"@id":"https:\/\/speed-casino.com\/casinos-online-portugal\/cinemas-aderentes\/item\/cinema-cascaishopping\/#breadcrumb"},"inLanguage":"pt-PT","potentialAction":[{"@type":"ReadAction","target":["https:\/\/speed-casino.com\/casinos-online-portugal\/cinemas-aderentes\/item\/cinema-cascaishopping\/"]}]},{"@type":"BreadcrumbList","@id":"https:\/\/speed-casino.com\/casinos-online-portugal\/cinemas-aderentes\/item\/cinema-cascaishopping\/#breadcrumb","itemListElement":[{"@type":"ListItem","position":1,"name":"Home","item":"https:\/\/speed-casino.com\/casinos-online-portugal\/"},{"@type":"ListItem","position":2,"name":"Cinema CASCAISHOPPING"}]},{"@type":"WebSite","@id":"https:\/\/speed-casino.com\/casinos-online-portugal\/#website","url":"https:\/\/speed-casino.com\/casinos-online-portugal\/","name":"Aplica\u00e7\u00e3o Mobile para Android &amp; iOS","description":"","publisher":{"@id":"https:\/\/speed-casino.com\/casinos-online-portugal\/#organization"},"potentialAction":[{"@type":"SearchAction","target":{"@type":"EntryPoint","urlTemplate":"https:\/\/speed-casino.com\/casinos-online-portugal\/?s={search_term_string}"},"query-input":{"@type":"PropertyValueSpecification","valueRequired":true,"valueName":"search_term_string"}}],"inLanguage":"pt-PT"},{"@type":"Organization","@id":"https:\/\/speed-casino.com\/casinos-online-portugal\/#organization","name":"Aplica\u00e7\u00e3o Mobile para Android &amp; iOS","url":"https:\/\/speed-casino.com\/casinos-online-portugal\/","logo":{"@type":"ImageObject","inLanguage":"pt-PT","@id":"https:\/\/speed-casino.com\/casinos-online-portugal\/#\/schema\/logo\/image\/","url":"https:\/\/speed-casino.com\/casinos-online-portugal\/wp-content\/uploads\/2022\/08\/logo_melhorappdeapostas.com_.png","contentUrl":"https:\/\/speed-casino.com\/casinos-online-portugal\/wp-content\/uploads\/2022\/08\/logo_melhorappdeapostas.com_.png","width":200,"height":100,"caption":"Aplica\u00e7\u00e3o Mobile para Android &amp; iOS"},"image":{"@id":"https:\/\/speed-casino.com\/casinos-online-portugal\/#\/schema\/logo\/image\/"}}]}},"_links":{"self":[{"href":"https:\/\/speed-casino.com\/casinos-online-portugal\/wp-json\/wp\/v2\/pages\/272","targetHints":{"allow":["GET"]}}],"collection":[{"href":"https:\/\/speed-casino.com\/casinos-online-portugal\/wp-json\/wp\/v2\/pages"}],"about":[{"href":"https:\/\/speed-casino.com\/casinos-online-portugal\/wp-json\/wp\/v2\/types\/page"}],"author":[{"embeddable":true,"href":"https:\/\/speed-casino.com\/casinos-online-portugal\/wp-json\/wp\/v2\/users\/1"}],"replies":[{"embeddable":true,"href":"https:\/\/speed-casino.com\/casinos-online-portugal\/wp-json\/wp\/v2\/comments?post=272"}],"version-history":[{"count":5,"href":"https:\/\/speed-casino.com\/casinos-online-portugal\/wp-json\/wp\/v2\/pages\/272\/revisions"}],"predecessor-version":[{"id":331,"href":"https:\/\/speed-casino.com\/casinos-online-portugal\/wp-json\/wp\/v2\/pages\/272\/revisions\/331"}],"wp:attachment":[{"href":"https:\/\/speed-casino.com\/casinos-online-portugal\/wp-json\/wp\/v2\/media?parent=272"}],"curies":[{"name":"wp","href":"https:\/\/api.w.org\/{rel}","templated":true}]}}